{"id":388,"date":"2020-01-23T10:17:29","date_gmt":"2020-01-23T09:17:29","guid":{"rendered":"http:\/\/www.sm4vwd.se\/?page_id=388"},"modified":"2020-01-23T10:17:29","modified_gmt":"2020-01-23T09:17:29","slug":"startmotorn","status":"publish","type":"page","link":"http:\/\/www.sm4vwd.se\/index.php\/nivan\/startmotorn\/","title":{"rendered":"Startmotorn"},"content":{"rendered":"\n<p>F\u00e5r v\u00e4l l\u00e4gga upp lite bilder p\u00e5 startmotorn s\u00e5 l\u00e4nge \ud83d\ude42 Jag \u00e4r novis p\u00e5 startmotorer, men eftersom jag har en niva s\u00e5 \u00e4r det nog inte sista g\u00e5ngen jag f\u00e5r ta is\u00e4r den..<\/p>\n\n\n\n<figure class=\"wp-block-image size-large\"><a href=\"http:\/\/www.sm4vwd.se\/wp-content\/uploads\/2020\/01\/gen1.jpg\" target=\"_blank\" rel=\"noreferrer noopener\"><img loading=\"lazy\" decoding=\"async\" width=\"1024\" height=\"576\" src=\"http:\/\/www.sm4vwd.se\/wp-content\/uploads\/2020\/01\/gen1-1024x576.jpg\" alt=\"\" class=\"wp-image-358\" srcset=\"http:\/\/www.sm4vwd.se\/wp-content\/uploads\/2020\/01\/gen1-1024x576.jpg 1024w, http:\/\/www.sm4vwd.se\/wp-content\/uploads\/2020\/01\/gen1-300x169.jpg 300w, http:\/\/www.sm4vwd.se\/wp-content\/uploads\/2020\/01\/gen1-768x432.jpg 768w, http:\/\/www.sm4vwd.se\/wp-content\/uploads\/2020\/01\/gen1-1170x658.jpg 1170w, http:\/\/www.sm4vwd.se\/wp-content\/uploads\/2020\/01\/gen1.jpg 1280w\" sizes=\"auto, (max-width: 1024px) 100vw, 1024px\" \/><\/a><figcaption>Det tog ett tag innan jag kom p\u00e5 hur jag skulle f\u00e5 loss startmotorn. Beh\u00f6vde lite moraliskt st\u00f6d fr\u00e5n niva forumet h\u00e4r.<\/figcaption><\/figure>\n\n\n\n<figure class=\"wp-block-image size-large\"><a href=\"http:\/\/www.sm4vwd.se\/wp-content\/uploads\/2020\/01\/gen3.jpg\" target=\"_blank\" rel=\"noreferrer noopener\"><img loading=\"lazy\" decoding=\"async\" width=\"1024\" height=\"576\" src=\"http:\/\/www.sm4vwd.se\/wp-content\/uploads\/2020\/01\/gen3-1024x576.jpg\" alt=\"\" class=\"wp-image-360\" srcset=\"http:\/\/www.sm4vwd.se\/wp-content\/uploads\/2020\/01\/gen3-1024x576.jpg 1024w, http:\/\/www.sm4vwd.se\/wp-content\/uploads\/2020\/01\/gen3-300x169.jpg 300w, http:\/\/www.sm4vwd.se\/wp-content\/uploads\/2020\/01\/gen3-768x432.jpg 768w, http:\/\/www.sm4vwd.se\/wp-content\/uploads\/2020\/01\/gen3-1170x658.jpg 1170w, http:\/\/www.sm4vwd.se\/wp-content\/uploads\/2020\/01\/gen3.jpg 1280w\" sizes=\"auto, (max-width: 1024px) 100vw, 1024px\" \/><\/a><figcaption>Lossa p\u00e5 kabeln mellan motor och solenoid.<\/figcaption><\/figure>\n\n\n\n<figure class=\"wp-block-image size-large\"><a href=\"http:\/\/www.sm4vwd.se\/wp-content\/uploads\/2020\/01\/gen4.jpg\" target=\"_blank\" rel=\"noreferrer noopener\"><img loading=\"lazy\" decoding=\"async\" width=\"1024\" height=\"576\" src=\"http:\/\/www.sm4vwd.se\/wp-content\/uploads\/2020\/01\/gen4-1024x576.jpg\" alt=\"\" class=\"wp-image-361\" srcset=\"http:\/\/www.sm4vwd.se\/wp-content\/uploads\/2020\/01\/gen4-1024x576.jpg 1024w, http:\/\/www.sm4vwd.se\/wp-content\/uploads\/2020\/01\/gen4-300x169.jpg 300w, http:\/\/www.sm4vwd.se\/wp-content\/uploads\/2020\/01\/gen4-768x432.jpg 768w, http:\/\/www.sm4vwd.se\/wp-content\/uploads\/2020\/01\/gen4-1170x658.jpg 1170w, http:\/\/www.sm4vwd.se\/wp-content\/uploads\/2020\/01\/gen4.jpg 1280w\" sizes=\"auto, (max-width: 1024px) 100vw, 1024px\" \/><\/a><figcaption>Ta bort solenoiden fr\u00e5n motorn.<\/figcaption><\/figure>\n\n\n\n<figure class=\"wp-block-image size-large\"><a href=\"http:\/\/www.sm4vwd.se\/wp-content\/uploads\/2020\/01\/gen5.jpg\" target=\"_blank\" rel=\"noreferrer noopener\"><img loading=\"lazy\" decoding=\"async\" width=\"1024\" height=\"576\" src=\"http:\/\/www.sm4vwd.se\/wp-content\/uploads\/2020\/01\/gen5-1024x576.jpg\" alt=\"\" class=\"wp-image-362\" srcset=\"http:\/\/www.sm4vwd.se\/wp-content\/uploads\/2020\/01\/gen5-1024x576.jpg 1024w, http:\/\/www.sm4vwd.se\/wp-content\/uploads\/2020\/01\/gen5-300x169.jpg 300w, http:\/\/www.sm4vwd.se\/wp-content\/uploads\/2020\/01\/gen5-768x432.jpg 768w, http:\/\/www.sm4vwd.se\/wp-content\/uploads\/2020\/01\/gen5-1170x658.jpg 1170w, http:\/\/www.sm4vwd.se\/wp-content\/uploads\/2020\/01\/gen5.jpg 1280w\" sizes=\"auto, (max-width: 1024px) 100vw, 1024px\" \/><\/a><figcaption>Solenoiden loss.<\/figcaption><\/figure>\n\n\n\n<figure class=\"wp-block-image size-large\"><a href=\"http:\/\/www.sm4vwd.se\/wp-content\/uploads\/2020\/01\/gen6.jpg\" target=\"_blank\" rel=\"noreferrer noopener\"><img loading=\"lazy\" decoding=\"async\" width=\"1024\" height=\"576\" src=\"http:\/\/www.sm4vwd.se\/wp-content\/uploads\/2020\/01\/gen6-1024x576.jpg\" alt=\"\" class=\"wp-image-363\" srcset=\"http:\/\/www.sm4vwd.se\/wp-content\/uploads\/2020\/01\/gen6-1024x576.jpg 1024w, http:\/\/www.sm4vwd.se\/wp-content\/uploads\/2020\/01\/gen6-300x169.jpg 300w, http:\/\/www.sm4vwd.se\/wp-content\/uploads\/2020\/01\/gen6-768x432.jpg 768w, http:\/\/www.sm4vwd.se\/wp-content\/uploads\/2020\/01\/gen6-1170x658.jpg 1170w, http:\/\/www.sm4vwd.se\/wp-content\/uploads\/2020\/01\/gen6.jpg 1280w\" sizes=\"auto, (max-width: 1024px) 100vw, 1024px\" \/><\/a><figcaption>Lossa de tv\u00e5 yttre skruvarna.<\/figcaption><\/figure>\n\n\n\n<figure class=\"wp-block-image size-large\"><a href=\"http:\/\/www.sm4vwd.se\/wp-content\/uploads\/2020\/01\/gen7-scaled-e1579721405570.jpg\" target=\"_blank\" rel=\"noreferrer noopener\"><img loading=\"lazy\" decoding=\"async\" width=\"576\" height=\"1024\" src=\"http:\/\/www.sm4vwd.se\/wp-content\/uploads\/2020\/01\/gen7-576x1024.jpg\" alt=\"\" class=\"wp-image-364\"\/><\/a><figcaption>De tv\u00e5 lossa skruvarna g\u00e5r igenom typ hela starten. Sploink s\u00e5 kan man dra is\u00e4r motorn&#8230;<\/figcaption><\/figure>\n\n\n\n<figure class=\"wp-block-image size-large\"><a href=\"http:\/\/www.sm4vwd.se\/wp-content\/uploads\/2020\/01\/gen8.jpg\" target=\"_blank\" rel=\"noreferrer noopener\"><img loading=\"lazy\" decoding=\"async\" width=\"1024\" height=\"576\" src=\"http:\/\/www.sm4vwd.se\/wp-content\/uploads\/2020\/01\/gen8-1024x576.jpg\" alt=\"\" class=\"wp-image-365\" srcset=\"http:\/\/www.sm4vwd.se\/wp-content\/uploads\/2020\/01\/gen8-1024x576.jpg 1024w, http:\/\/www.sm4vwd.se\/wp-content\/uploads\/2020\/01\/gen8-300x169.jpg 300w, http:\/\/www.sm4vwd.se\/wp-content\/uploads\/2020\/01\/gen8-768x432.jpg 768w, http:\/\/www.sm4vwd.se\/wp-content\/uploads\/2020\/01\/gen8-1170x658.jpg 1170w, http:\/\/www.sm4vwd.se\/wp-content\/uploads\/2020\/01\/gen8.jpg 1280w\" sizes=\"auto, (max-width: 1024px) 100vw, 1024px\" \/><\/a><figcaption>S\u00e5 tar vi de tv\u00e5 inre skruven.<\/figcaption><\/figure>\n\n\n\n<figure class=\"wp-block-image size-large\"><a href=\"http:\/\/www.sm4vwd.se\/wp-content\/uploads\/2020\/01\/gen9.jpg\" target=\"_blank\" rel=\"noreferrer noopener\"><img loading=\"lazy\" decoding=\"async\" width=\"1024\" height=\"576\" src=\"http:\/\/www.sm4vwd.se\/wp-content\/uploads\/2020\/01\/gen9-1024x576.jpg\" alt=\"\" class=\"wp-image-366\" srcset=\"http:\/\/www.sm4vwd.se\/wp-content\/uploads\/2020\/01\/gen9-1024x576.jpg 1024w, http:\/\/www.sm4vwd.se\/wp-content\/uploads\/2020\/01\/gen9-300x169.jpg 300w, http:\/\/www.sm4vwd.se\/wp-content\/uploads\/2020\/01\/gen9-768x432.jpg 768w, http:\/\/www.sm4vwd.se\/wp-content\/uploads\/2020\/01\/gen9-1170x658.jpg 1170w, http:\/\/www.sm4vwd.se\/wp-content\/uploads\/2020\/01\/gen9.jpg 1280w\" sizes=\"auto, (max-width: 1024px) 100vw, 1024px\" \/><\/a><figcaption>D\u00e5 f\u00e5r vi loss locket p\u00e5 andra sidan.<\/figcaption><\/figure>\n\n\n\n<figure class=\"wp-block-image size-large\"><a href=\"http:\/\/www.sm4vwd.se\/wp-content\/uploads\/2020\/01\/gen10.jpg\" target=\"_blank\" rel=\"noreferrer noopener\"><img loading=\"lazy\" decoding=\"async\" width=\"1024\" height=\"576\" src=\"http:\/\/www.sm4vwd.se\/wp-content\/uploads\/2020\/01\/gen10-1024x576.jpg\" alt=\"\" class=\"wp-image-367\" srcset=\"http:\/\/www.sm4vwd.se\/wp-content\/uploads\/2020\/01\/gen10-1024x576.jpg 1024w, http:\/\/www.sm4vwd.se\/wp-content\/uploads\/2020\/01\/gen10-300x169.jpg 300w, http:\/\/www.sm4vwd.se\/wp-content\/uploads\/2020\/01\/gen10-768x432.jpg 768w, http:\/\/www.sm4vwd.se\/wp-content\/uploads\/2020\/01\/gen10-1170x658.jpg 1170w, http:\/\/www.sm4vwd.se\/wp-content\/uploads\/2020\/01\/gen10.jpg 1280w\" sizes=\"auto, (max-width: 1024px) 100vw, 1024px\" \/><\/a><figcaption>Nu kan man dra ur inneh\u00e5llet. SPLOINK s\u00e4ger det n\u00e4r kolen inte l\u00e4ngre har n\u00e5got att vila emot. Man inser att det blir till att pilla lite f\u00f6r att f\u00e5 dit dem igen&#8230;<br>Reng\u00f6ring och putsning av kommutatorn, kan den heta s\u00e5?<br>Jag putsade p\u00e5 kommutatorn (eller vad den nu heter) med v\u00e5tslippapper bl\u00f6tt med biltemas elektronikreng\u00f6ring, det var vad som fanns inom armsl\u00e4ngds avst\u00e5nd..  Ja det var lite mer som fick smaka p\u00e5 elektronikreng\u00f6ringen och lite tryckluft. Kolen fick duga ett tag till, orkar inte v\u00e4nta p\u00e5 nya om det finns att f\u00e5 tag p\u00e5. Tunt med olja p\u00e5 kuggen och axeln s\u00e5 allt r\u00f6r sig l\u00e4tt.<br><\/figcaption><\/figure>\n\n\n\n<figure class=\"wp-block-image size-large\"><a href=\"http:\/\/www.sm4vwd.se\/wp-content\/uploads\/2020\/01\/gen11.jpg\" target=\"_blank\" rel=\"noreferrer noopener\"><img loading=\"lazy\" decoding=\"async\" width=\"1024\" height=\"576\" src=\"http:\/\/www.sm4vwd.se\/wp-content\/uploads\/2020\/01\/gen11-1024x576.jpg\" alt=\"\" class=\"wp-image-368\" srcset=\"http:\/\/www.sm4vwd.se\/wp-content\/uploads\/2020\/01\/gen11-1024x576.jpg 1024w, http:\/\/www.sm4vwd.se\/wp-content\/uploads\/2020\/01\/gen11-300x169.jpg 300w, http:\/\/www.sm4vwd.se\/wp-content\/uploads\/2020\/01\/gen11-768x432.jpg 768w, http:\/\/www.sm4vwd.se\/wp-content\/uploads\/2020\/01\/gen11-1170x658.jpg 1170w, http:\/\/www.sm4vwd.se\/wp-content\/uploads\/2020\/01\/gen11.jpg 1280w\" sizes=\"auto, (max-width: 1024px) 100vw, 1024px\" \/><\/a><figcaption>Lossa skruvarna och fram med l\u00f6dkolven och tennsugen f\u00f6r tennet beh\u00f6ver bort f\u00f6r att f\u00e5 is\u00e4r den. Fanns egentligen inte s\u00e5 mycket att g\u00f6ra i d\u00e4r. Jag putsade upp kontaktblecken l\u00e4tt med st\u00e5lborste eller n\u00e5tt, och lite elektronikreng\u00f6ring f\u00f6rst\u00e5s. Tyv\u00e4rr gl\u00f6mde jag ta n\u00e5gon bild p\u00e5 hur det ut i den. Bara att skruva ihop och l\u00f6da fast t\u00e5tarna igen.<\/figcaption><\/figure>\n\n\n\n<figure class=\"wp-block-image size-large\"><a href=\"http:\/\/www.sm4vwd.se\/wp-content\/uploads\/2020\/01\/gen12.jpg\" target=\"_blank\" rel=\"noreferrer noopener\"><img loading=\"lazy\" decoding=\"async\" width=\"1024\" height=\"576\" src=\"http:\/\/www.sm4vwd.se\/wp-content\/uploads\/2020\/01\/gen12-1024x576.jpg\" alt=\"\" class=\"wp-image-369\" srcset=\"http:\/\/www.sm4vwd.se\/wp-content\/uploads\/2020\/01\/gen12-1024x576.jpg 1024w, http:\/\/www.sm4vwd.se\/wp-content\/uploads\/2020\/01\/gen12-300x169.jpg 300w, http:\/\/www.sm4vwd.se\/wp-content\/uploads\/2020\/01\/gen12-768x432.jpg 768w, http:\/\/www.sm4vwd.se\/wp-content\/uploads\/2020\/01\/gen12-1170x658.jpg 1170w, http:\/\/www.sm4vwd.se\/wp-content\/uploads\/2020\/01\/gen12.jpg 1280w\" sizes=\"auto, (max-width: 1024px) 100vw, 1024px\" \/><\/a><figcaption>Ja men s\u00e5 \u00e4r det bara att s\u00e4tta ihop alltihop igen i omv\u00e4nd ordning \ud83d\ude42<\/figcaption><\/figure>\n","protected":false},"excerpt":{"rendered":"<p>F\u00e5r v\u00e4l l\u00e4gga upp lite bilder p\u00e5 startmotorn s\u00e5 l\u00e4nge \ud83d\ude42 Jag \u00e4r novis p\u00e5 startmotorer, men eftersom jag har en niva s\u00e5 \u00e4r det nog inte sista g\u00e5ngen jag f\u00e5r ta is\u00e4r den..<\/p>\n","protected":false},"author":1,"featured_media":0,"parent":356,"menu_order":0,"comment_status":"closed","ping_status":"closed","template":"","meta":{"footnotes":""},"class_list":["post-388","page","type-page","status-publish","hentry"],"yoast_head":"<!-- This site is optimized with the Yoast SEO plugin v26.6 - https:\/\/yoast.com\/wordpress\/plugins\/seo\/ -->\n<title>Startmotorn - Mot h\u00f6gre h\u00f6jder<\/title>\n<meta name=\"robots\" content=\"index, follow, max-snippet:-1, max-image-preview:large, max-video-preview:-1\" \/>\n<link rel=\"canonical\" href=\"http:\/\/www.sm4vwd.se\/index.php\/nivan\/startmotorn\/\" \/>\n<meta property=\"og:locale\" content=\"sv_SE\" \/>\n<meta property=\"og:type\" content=\"article\" \/>\n<meta property=\"og:title\" content=\"Startmotorn - Mot h\u00f6gre h\u00f6jder\" \/>\n<meta property=\"og:description\" content=\"F\u00e5r v\u00e4l l\u00e4gga upp lite bilder p\u00e5 startmotorn s\u00e5 l\u00e4nge \ud83d\ude42 Jag \u00e4r novis p\u00e5 startmotorer, men eftersom jag har en niva s\u00e5 \u00e4r det nog inte sista g\u00e5ngen jag f\u00e5r ta is\u00e4r den..\" \/>\n<meta property=\"og:url\" content=\"http:\/\/www.sm4vwd.se\/index.php\/nivan\/startmotorn\/\" \/>\n<meta property=\"og:site_name\" content=\"Mot h\u00f6gre h\u00f6jder\" \/>\n<meta property=\"og:image\" content=\"http:\/\/www.sm4vwd.se\/wp-content\/uploads\/2020\/01\/gen1-1024x576.jpg\" \/>\n<meta name=\"twitter:card\" content=\"summary_large_image\" \/>\n<meta name=\"twitter:label1\" content=\"Ber\u00e4knad l\u00e4stid\" \/>\n\t<meta name=\"twitter:data1\" content=\"2 minuter\" \/>\n<script type=\"application\/ld+json\" class=\"yoast-schema-graph\">{\"@context\":\"https:\/\/schema.org\",\"@graph\":[{\"@type\":\"WebPage\",\"@id\":\"http:\/\/www.sm4vwd.se\/index.php\/nivan\/startmotorn\/\",\"url\":\"http:\/\/www.sm4vwd.se\/index.php\/nivan\/startmotorn\/\",\"name\":\"Startmotorn - Mot h\u00f6gre h\u00f6jder\",\"isPartOf\":{\"@id\":\"http:\/\/www.sm4vwd.se\/#website\"},\"primaryImageOfPage\":{\"@id\":\"http:\/\/www.sm4vwd.se\/index.php\/nivan\/startmotorn\/#primaryimage\"},\"image\":{\"@id\":\"http:\/\/www.sm4vwd.se\/index.php\/nivan\/startmotorn\/#primaryimage\"},\"thumbnailUrl\":\"http:\/\/www.sm4vwd.se\/wp-content\/uploads\/2020\/01\/gen1-1024x576.jpg\",\"datePublished\":\"2020-01-23T09:17:29+00:00\",\"breadcrumb\":{\"@id\":\"http:\/\/www.sm4vwd.se\/index.php\/nivan\/startmotorn\/#breadcrumb\"},\"inLanguage\":\"sv-SE\",\"potentialAction\":[{\"@type\":\"ReadAction\",\"target\":[\"http:\/\/www.sm4vwd.se\/index.php\/nivan\/startmotorn\/\"]}]},{\"@type\":\"ImageObject\",\"inLanguage\":\"sv-SE\",\"@id\":\"http:\/\/www.sm4vwd.se\/index.php\/nivan\/startmotorn\/#primaryimage\",\"url\":\"http:\/\/www.sm4vwd.se\/wp-content\/uploads\/2020\/01\/gen1.jpg\",\"contentUrl\":\"http:\/\/www.sm4vwd.se\/wp-content\/uploads\/2020\/01\/gen1.jpg\",\"width\":1280,\"height\":720,\"caption\":\"Det tog ett tag innan jag kom p\u00e5 hur jag skulle f\u00e5 loss startmotorn. Beh\u00f6vde lite moraliskt st\u00f6d fr\u00e5n niva forumet h\u00e4r.\"},{\"@type\":\"BreadcrumbList\",\"@id\":\"http:\/\/www.sm4vwd.se\/index.php\/nivan\/startmotorn\/#breadcrumb\",\"itemListElement\":[{\"@type\":\"ListItem\",\"position\":1,\"name\":\"Hem\",\"item\":\"http:\/\/www.sm4vwd.se\/\"},{\"@type\":\"ListItem\",\"position\":2,\"name\":\"Nivan\",\"item\":\"http:\/\/www.sm4vwd.se\/index.php\/nivan\/\"},{\"@type\":\"ListItem\",\"position\":3,\"name\":\"Startmotorn\"}]},{\"@type\":\"WebSite\",\"@id\":\"http:\/\/www.sm4vwd.se\/#website\",\"url\":\"http:\/\/www.sm4vwd.se\/\",\"name\":\"Mot h\u00f6gre h\u00f6jder\",\"description\":\"En till tr\u00e5kig WordPress-webbplats - av SM4VWD\",\"publisher\":{\"@id\":\"http:\/\/www.sm4vwd.se\/#\/schema\/person\/785058b546e95d1b271e85d6635aff87\"},\"potentialAction\":[{\"@type\":\"SearchAction\",\"target\":{\"@type\":\"EntryPoint\",\"urlTemplate\":\"http:\/\/www.sm4vwd.se\/?s={search_term_string}\"},\"query-input\":{\"@type\":\"PropertyValueSpecification\",\"valueRequired\":true,\"valueName\":\"search_term_string\"}}],\"inLanguage\":\"sv-SE\"},{\"@type\":[\"Person\",\"Organization\"],\"@id\":\"http:\/\/www.sm4vwd.se\/#\/schema\/person\/785058b546e95d1b271e85d6635aff87\",\"name\":\"anders\",\"image\":{\"@type\":\"ImageObject\",\"inLanguage\":\"sv-SE\",\"@id\":\"http:\/\/www.sm4vwd.se\/#\/schema\/person\/image\/\",\"url\":\"https:\/\/secure.gravatar.com\/avatar\/0b52171dede12e1b52b08822ae70f36f1e87215f81a8678b2dbed16aad081a68?s=96&d=retro&r=g\",\"contentUrl\":\"https:\/\/secure.gravatar.com\/avatar\/0b52171dede12e1b52b08822ae70f36f1e87215f81a8678b2dbed16aad081a68?s=96&d=retro&r=g\",\"caption\":\"anders\"},\"logo\":{\"@id\":\"http:\/\/www.sm4vwd.se\/#\/schema\/person\/image\/\"}}]}<\/script>\n<!-- \/ Yoast SEO plugin. -->","yoast_head_json":{"title":"Startmotorn - Mot h\u00f6gre h\u00f6jder","robots":{"index":"index","follow":"follow","max-snippet":"max-snippet:-1","max-image-preview":"max-image-preview:large","max-video-preview":"max-video-preview:-1"},"canonical":"http:\/\/www.sm4vwd.se\/index.php\/nivan\/startmotorn\/","og_locale":"sv_SE","og_type":"article","og_title":"Startmotorn - Mot h\u00f6gre h\u00f6jder","og_description":"F\u00e5r v\u00e4l l\u00e4gga upp lite bilder p\u00e5 startmotorn s\u00e5 l\u00e4nge \ud83d\ude42 Jag \u00e4r novis p\u00e5 startmotorer, men eftersom jag har en niva s\u00e5 \u00e4r det nog inte sista g\u00e5ngen jag f\u00e5r ta is\u00e4r den..","og_url":"http:\/\/www.sm4vwd.se\/index.php\/nivan\/startmotorn\/","og_site_name":"Mot h\u00f6gre h\u00f6jder","og_image":[{"url":"http:\/\/www.sm4vwd.se\/wp-content\/uploads\/2020\/01\/gen1-1024x576.jpg","type":"","width":"","height":""}],"twitter_card":"summary_large_image","twitter_misc":{"Ber\u00e4knad l\u00e4stid":"2 minuter"},"schema":{"@context":"https:\/\/schema.org","@graph":[{"@type":"WebPage","@id":"http:\/\/www.sm4vwd.se\/index.php\/nivan\/startmotorn\/","url":"http:\/\/www.sm4vwd.se\/index.php\/nivan\/startmotorn\/","name":"Startmotorn - Mot h\u00f6gre h\u00f6jder","isPartOf":{"@id":"http:\/\/www.sm4vwd.se\/#website"},"primaryImageOfPage":{"@id":"http:\/\/www.sm4vwd.se\/index.php\/nivan\/startmotorn\/#primaryimage"},"image":{"@id":"http:\/\/www.sm4vwd.se\/index.php\/nivan\/startmotorn\/#primaryimage"},"thumbnailUrl":"http:\/\/www.sm4vwd.se\/wp-content\/uploads\/2020\/01\/gen1-1024x576.jpg","datePublished":"2020-01-23T09:17:29+00:00","breadcrumb":{"@id":"http:\/\/www.sm4vwd.se\/index.php\/nivan\/startmotorn\/#breadcrumb"},"inLanguage":"sv-SE","potentialAction":[{"@type":"ReadAction","target":["http:\/\/www.sm4vwd.se\/index.php\/nivan\/startmotorn\/"]}]},{"@type":"ImageObject","inLanguage":"sv-SE","@id":"http:\/\/www.sm4vwd.se\/index.php\/nivan\/startmotorn\/#primaryimage","url":"http:\/\/www.sm4vwd.se\/wp-content\/uploads\/2020\/01\/gen1.jpg","contentUrl":"http:\/\/www.sm4vwd.se\/wp-content\/uploads\/2020\/01\/gen1.jpg","width":1280,"height":720,"caption":"Det tog ett tag innan jag kom p\u00e5 hur jag skulle f\u00e5 loss startmotorn. Beh\u00f6vde lite moraliskt st\u00f6d fr\u00e5n niva forumet h\u00e4r."},{"@type":"BreadcrumbList","@id":"http:\/\/www.sm4vwd.se\/index.php\/nivan\/startmotorn\/#breadcrumb","itemListElement":[{"@type":"ListItem","position":1,"name":"Hem","item":"http:\/\/www.sm4vwd.se\/"},{"@type":"ListItem","position":2,"name":"Nivan","item":"http:\/\/www.sm4vwd.se\/index.php\/nivan\/"},{"@type":"ListItem","position":3,"name":"Startmotorn"}]},{"@type":"WebSite","@id":"http:\/\/www.sm4vwd.se\/#website","url":"http:\/\/www.sm4vwd.se\/","name":"Mot h\u00f6gre h\u00f6jder","description":"En till tr\u00e5kig WordPress-webbplats - av SM4VWD","publisher":{"@id":"http:\/\/www.sm4vwd.se\/#\/schema\/person\/785058b546e95d1b271e85d6635aff87"},"potentialAction":[{"@type":"SearchAction","target":{"@type":"EntryPoint","urlTemplate":"http:\/\/www.sm4vwd.se\/?s={search_term_string}"},"query-input":{"@type":"PropertyValueSpecification","valueRequired":true,"valueName":"search_term_string"}}],"inLanguage":"sv-SE"},{"@type":["Person","Organization"],"@id":"http:\/\/www.sm4vwd.se\/#\/schema\/person\/785058b546e95d1b271e85d6635aff87","name":"anders","image":{"@type":"ImageObject","inLanguage":"sv-SE","@id":"http:\/\/www.sm4vwd.se\/#\/schema\/person\/image\/","url":"https:\/\/secure.gravatar.com\/avatar\/0b52171dede12e1b52b08822ae70f36f1e87215f81a8678b2dbed16aad081a68?s=96&d=retro&r=g","contentUrl":"https:\/\/secure.gravatar.com\/avatar\/0b52171dede12e1b52b08822ae70f36f1e87215f81a8678b2dbed16aad081a68?s=96&d=retro&r=g","caption":"anders"},"logo":{"@id":"http:\/\/www.sm4vwd.se\/#\/schema\/person\/image\/"}}]}},"_links":{"self":[{"href":"http:\/\/www.sm4vwd.se\/index.php\/wp-json\/wp\/v2\/pages\/388","targetHints":{"allow":["GET"]}}],"collection":[{"href":"http:\/\/www.sm4vwd.se\/index.php\/wp-json\/wp\/v2\/pages"}],"about":[{"href":"http:\/\/www.sm4vwd.se\/index.php\/wp-json\/wp\/v2\/types\/page"}],"author":[{"embeddable":true,"href":"http:\/\/www.sm4vwd.se\/index.php\/wp-json\/wp\/v2\/users\/1"}],"replies":[{"embeddable":true,"href":"http:\/\/www.sm4vwd.se\/index.php\/wp-json\/wp\/v2\/comments?post=388"}],"version-history":[{"count":1,"href":"http:\/\/www.sm4vwd.se\/index.php\/wp-json\/wp\/v2\/pages\/388\/revisions"}],"predecessor-version":[{"id":389,"href":"http:\/\/www.sm4vwd.se\/index.php\/wp-json\/wp\/v2\/pages\/388\/revisions\/389"}],"up":[{"embeddable":true,"href":"http:\/\/www.sm4vwd.se\/index.php\/wp-json\/wp\/v2\/pages\/356"}],"wp:attachment":[{"href":"http:\/\/www.sm4vwd.se\/index.php\/wp-json\/wp\/v2\/media?parent=388"}],"curies":[{"name":"wp","href":"https:\/\/api.w.org\/{rel}","templated":true}]}}