{"id":631,"date":"2024-04-14T10:35:30","date_gmt":"2024-04-14T08:35:30","guid":{"rendered":"http:\/\/www.sm4vwd.se\/?page_id=631"},"modified":"2024-07-29T16:46:03","modified_gmt":"2024-07-29T14:46:03","slug":"knack","status":"publish","type":"page","link":"http:\/\/www.sm4vwd.se\/index.php\/nivan\/knack\/","title":{"rendered":"Knack"},"content":{"rendered":"\n<p>Fixade en ventillyftare (eller vad de nu kallas)<\/p>\n\n\n\n<figure class=\"wp-block-image size-large\"><img loading=\"lazy\" decoding=\"async\" width=\"1024\" height=\"565\" src=\"http:\/\/www.sm4vwd.se\/wp-content\/uploads\/2024\/03\/nivaknack5-1024x565.jpg\" alt=\"\" class=\"wp-image-626\" srcset=\"http:\/\/www.sm4vwd.se\/wp-content\/uploads\/2024\/03\/nivaknack5-1024x565.jpg 1024w, http:\/\/www.sm4vwd.se\/wp-content\/uploads\/2024\/03\/nivaknack5-300x166.jpg 300w, http:\/\/www.sm4vwd.se\/wp-content\/uploads\/2024\/03\/nivaknack5-768x424.jpg 768w, http:\/\/www.sm4vwd.se\/wp-content\/uploads\/2024\/03\/nivaknack5-1536x848.jpg 1536w, http:\/\/www.sm4vwd.se\/wp-content\/uploads\/2024\/03\/nivaknack5-2048x1130.jpg 2048w, http:\/\/www.sm4vwd.se\/wp-content\/uploads\/2024\/03\/nivaknack5-1170x646.jpg 1170w\" sizes=\"auto, (max-width: 1024px) 100vw, 1024px\" \/><\/figure>\n\n\n\n<p>N\u00e4r jag lyft ur den s\u00e5 bl\u00e5ste jag i ett litet h\u00e5l med tryckluften. Flopp l\u00e4t det och den var is\u00e4r. Ren tur att inte n\u00e5gon del f\u00f6rsvann.<\/p>\n\n\n\n<figure class=\"wp-block-image size-large\"><img loading=\"lazy\" decoding=\"async\" width=\"577\" height=\"1024\" src=\"http:\/\/www.sm4vwd.se\/wp-content\/uploads\/2024\/03\/nivaknack7-577x1024.jpg\" alt=\"\" class=\"wp-image-627\" srcset=\"http:\/\/www.sm4vwd.se\/wp-content\/uploads\/2024\/03\/nivaknack7-577x1024.jpg 577w, http:\/\/www.sm4vwd.se\/wp-content\/uploads\/2024\/03\/nivaknack7-169x300.jpg 169w, http:\/\/www.sm4vwd.se\/wp-content\/uploads\/2024\/03\/nivaknack7-768x1364.jpg 768w, http:\/\/www.sm4vwd.se\/wp-content\/uploads\/2024\/03\/nivaknack7-865x1536.jpg 865w, http:\/\/www.sm4vwd.se\/wp-content\/uploads\/2024\/03\/nivaknack7-1153x2048.jpg 1153w, http:\/\/www.sm4vwd.se\/wp-content\/uploads\/2024\/03\/nivaknack7-1170x2078.jpg 1170w, http:\/\/www.sm4vwd.se\/wp-content\/uploads\/2024\/03\/nivaknack7-rotated.jpg 1302w\" sizes=\"auto, (max-width: 577px) 100vw, 577px\" \/><\/figure>\n\n\n\n<p>I den inringade delen sitter en backventil. Bl\u00e5ste med tryckluft och sprejade med bromsreng\u00f6ring.. oljade in och satte ihop. Tillbaka med den p\u00e5 sin plats. Bytte ocks\u00e5 vibrationsd\u00e4mparen till kamkedjan eftersom en del av den l\u00e5g l\u00f6s. Andra halvan befinner sig troligen i oljetr\u00e5get men d\u00e4r kan den f\u00e5 ligga..<\/p>\n\n\n\n<figure class=\"wp-block-image size-large\"><img loading=\"lazy\" decoding=\"async\" width=\"1024\" height=\"524\" src=\"http:\/\/www.sm4vwd.se\/wp-content\/uploads\/2024\/03\/nivaknack8-1024x524.jpg\" alt=\"\" class=\"wp-image-628\" srcset=\"http:\/\/www.sm4vwd.se\/wp-content\/uploads\/2024\/03\/nivaknack8-1024x524.jpg 1024w, http:\/\/www.sm4vwd.se\/wp-content\/uploads\/2024\/03\/nivaknack8-300x153.jpg 300w, http:\/\/www.sm4vwd.se\/wp-content\/uploads\/2024\/03\/nivaknack8-768x393.jpg 768w, http:\/\/www.sm4vwd.se\/wp-content\/uploads\/2024\/03\/nivaknack8-1536x786.jpg 1536w, http:\/\/www.sm4vwd.se\/wp-content\/uploads\/2024\/03\/nivaknack8-1170x598.jpg 1170w, http:\/\/www.sm4vwd.se\/wp-content\/uploads\/2024\/03\/nivaknack8.jpg 1740w\" sizes=\"auto, (max-width: 1024px) 100vw, 1024px\" \/><\/figure>\n","protected":false},"excerpt":{"rendered":"<p>Fixade en ventillyftare (eller vad de nu kallas) N\u00e4r jag lyft ur den s\u00e5 bl\u00e5ste jag i ett litet h\u00e5l med tryckluften. Flopp l\u00e4t det och den var is\u00e4r. Ren tur att inte n\u00e5gon del f\u00f6rsvann. I den inringade delen&#8230;<br \/><a class=\"read-more-button\" href=\"http:\/\/www.sm4vwd.se\/index.php\/nivan\/knack\/\">Read more<\/a><\/p>\n","protected":false},"author":1,"featured_media":0,"parent":356,"menu_order":0,"comment_status":"closed","ping_status":"closed","template":"","meta":{"footnotes":""},"class_list":["post-631","page","type-page","status-publish","hentry"],"yoast_head":"<!-- This site is optimized with the Yoast SEO plugin v26.6 - https:\/\/yoast.com\/wordpress\/plugins\/seo\/ -->\n<title>Knack - Mot h\u00f6gre h\u00f6jder<\/title>\n<meta name=\"robots\" content=\"index, follow, max-snippet:-1, max-image-preview:large, max-video-preview:-1\" \/>\n<link rel=\"canonical\" href=\"http:\/\/www.sm4vwd.se\/index.php\/nivan\/knack\/\" \/>\n<meta property=\"og:locale\" content=\"sv_SE\" \/>\n<meta property=\"og:type\" content=\"article\" \/>\n<meta property=\"og:title\" content=\"Knack - Mot h\u00f6gre h\u00f6jder\" \/>\n<meta property=\"og:description\" content=\"Fixade en ventillyftare (eller vad de nu kallas) N\u00e4r jag lyft ur den s\u00e5 bl\u00e5ste jag i ett litet h\u00e5l med tryckluften. Flopp l\u00e4t det och den var is\u00e4r. Ren tur att inte n\u00e5gon del f\u00f6rsvann. I den inringade delen...Read more\" \/>\n<meta property=\"og:url\" content=\"http:\/\/www.sm4vwd.se\/index.php\/nivan\/knack\/\" \/>\n<meta property=\"og:site_name\" content=\"Mot h\u00f6gre h\u00f6jder\" \/>\n<meta property=\"article:modified_time\" content=\"2024-07-29T14:46:03+00:00\" \/>\n<meta property=\"og:image\" content=\"http:\/\/www.sm4vwd.se\/wp-content\/uploads\/2024\/03\/nivaknack5-1024x565.jpg\" \/>\n<meta name=\"twitter:card\" content=\"summary_large_image\" \/>\n<meta name=\"twitter:label1\" content=\"Ber\u00e4knad l\u00e4stid\" \/>\n\t<meta name=\"twitter:data1\" content=\"2 minuter\" \/>\n<script type=\"application\/ld+json\" class=\"yoast-schema-graph\">{\"@context\":\"https:\/\/schema.org\",\"@graph\":[{\"@type\":\"WebPage\",\"@id\":\"http:\/\/www.sm4vwd.se\/index.php\/nivan\/knack\/\",\"url\":\"http:\/\/www.sm4vwd.se\/index.php\/nivan\/knack\/\",\"name\":\"Knack - Mot h\u00f6gre h\u00f6jder\",\"isPartOf\":{\"@id\":\"http:\/\/www.sm4vwd.se\/#website\"},\"primaryImageOfPage\":{\"@id\":\"http:\/\/www.sm4vwd.se\/index.php\/nivan\/knack\/#primaryimage\"},\"image\":{\"@id\":\"http:\/\/www.sm4vwd.se\/index.php\/nivan\/knack\/#primaryimage\"},\"thumbnailUrl\":\"http:\/\/www.sm4vwd.se\/wp-content\/uploads\/2024\/03\/nivaknack5-1024x565.jpg\",\"datePublished\":\"2024-04-14T08:35:30+00:00\",\"dateModified\":\"2024-07-29T14:46:03+00:00\",\"breadcrumb\":{\"@id\":\"http:\/\/www.sm4vwd.se\/index.php\/nivan\/knack\/#breadcrumb\"},\"inLanguage\":\"sv-SE\",\"potentialAction\":[{\"@type\":\"ReadAction\",\"target\":[\"http:\/\/www.sm4vwd.se\/index.php\/nivan\/knack\/\"]}]},{\"@type\":\"ImageObject\",\"inLanguage\":\"sv-SE\",\"@id\":\"http:\/\/www.sm4vwd.se\/index.php\/nivan\/knack\/#primaryimage\",\"url\":\"http:\/\/www.sm4vwd.se\/wp-content\/uploads\/2024\/03\/nivaknack5-scaled.jpg\",\"contentUrl\":\"http:\/\/www.sm4vwd.se\/wp-content\/uploads\/2024\/03\/nivaknack5-scaled.jpg\",\"width\":2560,\"height\":1413},{\"@type\":\"BreadcrumbList\",\"@id\":\"http:\/\/www.sm4vwd.se\/index.php\/nivan\/knack\/#breadcrumb\",\"itemListElement\":[{\"@type\":\"ListItem\",\"position\":1,\"name\":\"Hem\",\"item\":\"http:\/\/www.sm4vwd.se\/\"},{\"@type\":\"ListItem\",\"position\":2,\"name\":\"Nivan\",\"item\":\"http:\/\/www.sm4vwd.se\/index.php\/nivan\/\"},{\"@type\":\"ListItem\",\"position\":3,\"name\":\"Knack\"}]},{\"@type\":\"WebSite\",\"@id\":\"http:\/\/www.sm4vwd.se\/#website\",\"url\":\"http:\/\/www.sm4vwd.se\/\",\"name\":\"Mot h\u00f6gre h\u00f6jder\",\"description\":\"En till tr\u00e5kig WordPress-webbplats - av SM4VWD\",\"publisher\":{\"@id\":\"http:\/\/www.sm4vwd.se\/#\/schema\/person\/785058b546e95d1b271e85d6635aff87\"},\"potentialAction\":[{\"@type\":\"SearchAction\",\"target\":{\"@type\":\"EntryPoint\",\"urlTemplate\":\"http:\/\/www.sm4vwd.se\/?s={search_term_string}\"},\"query-input\":{\"@type\":\"PropertyValueSpecification\",\"valueRequired\":true,\"valueName\":\"search_term_string\"}}],\"inLanguage\":\"sv-SE\"},{\"@type\":[\"Person\",\"Organization\"],\"@id\":\"http:\/\/www.sm4vwd.se\/#\/schema\/person\/785058b546e95d1b271e85d6635aff87\",\"name\":\"anders\",\"image\":{\"@type\":\"ImageObject\",\"inLanguage\":\"sv-SE\",\"@id\":\"http:\/\/www.sm4vwd.se\/#\/schema\/person\/image\/\",\"url\":\"https:\/\/secure.gravatar.com\/avatar\/0b52171dede12e1b52b08822ae70f36f1e87215f81a8678b2dbed16aad081a68?s=96&d=retro&r=g\",\"contentUrl\":\"https:\/\/secure.gravatar.com\/avatar\/0b52171dede12e1b52b08822ae70f36f1e87215f81a8678b2dbed16aad081a68?s=96&d=retro&r=g\",\"caption\":\"anders\"},\"logo\":{\"@id\":\"http:\/\/www.sm4vwd.se\/#\/schema\/person\/image\/\"}}]}<\/script>\n<!-- \/ Yoast SEO plugin. -->","yoast_head_json":{"title":"Knack - Mot h\u00f6gre h\u00f6jder","robots":{"index":"index","follow":"follow","max-snippet":"max-snippet:-1","max-image-preview":"max-image-preview:large","max-video-preview":"max-video-preview:-1"},"canonical":"http:\/\/www.sm4vwd.se\/index.php\/nivan\/knack\/","og_locale":"sv_SE","og_type":"article","og_title":"Knack - Mot h\u00f6gre h\u00f6jder","og_description":"Fixade en ventillyftare (eller vad de nu kallas) N\u00e4r jag lyft ur den s\u00e5 bl\u00e5ste jag i ett litet h\u00e5l med tryckluften. Flopp l\u00e4t det och den var is\u00e4r. Ren tur att inte n\u00e5gon del f\u00f6rsvann. I den inringade delen...Read more","og_url":"http:\/\/www.sm4vwd.se\/index.php\/nivan\/knack\/","og_site_name":"Mot h\u00f6gre h\u00f6jder","article_modified_time":"2024-07-29T14:46:03+00:00","og_image":[{"url":"http:\/\/www.sm4vwd.se\/wp-content\/uploads\/2024\/03\/nivaknack5-1024x565.jpg","type":"","width":"","height":""}],"twitter_card":"summary_large_image","twitter_misc":{"Ber\u00e4knad l\u00e4stid":"2 minuter"},"schema":{"@context":"https:\/\/schema.org","@graph":[{"@type":"WebPage","@id":"http:\/\/www.sm4vwd.se\/index.php\/nivan\/knack\/","url":"http:\/\/www.sm4vwd.se\/index.php\/nivan\/knack\/","name":"Knack - Mot h\u00f6gre h\u00f6jder","isPartOf":{"@id":"http:\/\/www.sm4vwd.se\/#website"},"primaryImageOfPage":{"@id":"http:\/\/www.sm4vwd.se\/index.php\/nivan\/knack\/#primaryimage"},"image":{"@id":"http:\/\/www.sm4vwd.se\/index.php\/nivan\/knack\/#primaryimage"},"thumbnailUrl":"http:\/\/www.sm4vwd.se\/wp-content\/uploads\/2024\/03\/nivaknack5-1024x565.jpg","datePublished":"2024-04-14T08:35:30+00:00","dateModified":"2024-07-29T14:46:03+00:00","breadcrumb":{"@id":"http:\/\/www.sm4vwd.se\/index.php\/nivan\/knack\/#breadcrumb"},"inLanguage":"sv-SE","potentialAction":[{"@type":"ReadAction","target":["http:\/\/www.sm4vwd.se\/index.php\/nivan\/knack\/"]}]},{"@type":"ImageObject","inLanguage":"sv-SE","@id":"http:\/\/www.sm4vwd.se\/index.php\/nivan\/knack\/#primaryimage","url":"http:\/\/www.sm4vwd.se\/wp-content\/uploads\/2024\/03\/nivaknack5-scaled.jpg","contentUrl":"http:\/\/www.sm4vwd.se\/wp-content\/uploads\/2024\/03\/nivaknack5-scaled.jpg","width":2560,"height":1413},{"@type":"BreadcrumbList","@id":"http:\/\/www.sm4vwd.se\/index.php\/nivan\/knack\/#breadcrumb","itemListElement":[{"@type":"ListItem","position":1,"name":"Hem","item":"http:\/\/www.sm4vwd.se\/"},{"@type":"ListItem","position":2,"name":"Nivan","item":"http:\/\/www.sm4vwd.se\/index.php\/nivan\/"},{"@type":"ListItem","position":3,"name":"Knack"}]},{"@type":"WebSite","@id":"http:\/\/www.sm4vwd.se\/#website","url":"http:\/\/www.sm4vwd.se\/","name":"Mot h\u00f6gre h\u00f6jder","description":"En till tr\u00e5kig WordPress-webbplats - av SM4VWD","publisher":{"@id":"http:\/\/www.sm4vwd.se\/#\/schema\/person\/785058b546e95d1b271e85d6635aff87"},"potentialAction":[{"@type":"SearchAction","target":{"@type":"EntryPoint","urlTemplate":"http:\/\/www.sm4vwd.se\/?s={search_term_string}"},"query-input":{"@type":"PropertyValueSpecification","valueRequired":true,"valueName":"search_term_string"}}],"inLanguage":"sv-SE"},{"@type":["Person","Organization"],"@id":"http:\/\/www.sm4vwd.se\/#\/schema\/person\/785058b546e95d1b271e85d6635aff87","name":"anders","image":{"@type":"ImageObject","inLanguage":"sv-SE","@id":"http:\/\/www.sm4vwd.se\/#\/schema\/person\/image\/","url":"https:\/\/secure.gravatar.com\/avatar\/0b52171dede12e1b52b08822ae70f36f1e87215f81a8678b2dbed16aad081a68?s=96&d=retro&r=g","contentUrl":"https:\/\/secure.gravatar.com\/avatar\/0b52171dede12e1b52b08822ae70f36f1e87215f81a8678b2dbed16aad081a68?s=96&d=retro&r=g","caption":"anders"},"logo":{"@id":"http:\/\/www.sm4vwd.se\/#\/schema\/person\/image\/"}}]}},"_links":{"self":[{"href":"http:\/\/www.sm4vwd.se\/index.php\/wp-json\/wp\/v2\/pages\/631","targetHints":{"allow":["GET"]}}],"collection":[{"href":"http:\/\/www.sm4vwd.se\/index.php\/wp-json\/wp\/v2\/pages"}],"about":[{"href":"http:\/\/www.sm4vwd.se\/index.php\/wp-json\/wp\/v2\/types\/page"}],"author":[{"embeddable":true,"href":"http:\/\/www.sm4vwd.se\/index.php\/wp-json\/wp\/v2\/users\/1"}],"replies":[{"embeddable":true,"href":"http:\/\/www.sm4vwd.se\/index.php\/wp-json\/wp\/v2\/comments?post=631"}],"version-history":[{"count":2,"href":"http:\/\/www.sm4vwd.se\/index.php\/wp-json\/wp\/v2\/pages\/631\/revisions"}],"predecessor-version":[{"id":642,"href":"http:\/\/www.sm4vwd.se\/index.php\/wp-json\/wp\/v2\/pages\/631\/revisions\/642"}],"up":[{"embeddable":true,"href":"http:\/\/www.sm4vwd.se\/index.php\/wp-json\/wp\/v2\/pages\/356"}],"wp:attachment":[{"href":"http:\/\/www.sm4vwd.se\/index.php\/wp-json\/wp\/v2\/media?parent=631"}],"curies":[{"name":"wp","href":"https:\/\/api.w.org\/{rel}","templated":true}]}}